-30)/4)/(33/(-21758)).
5, 23, 43
Suppose 0 = 5*u + 2*l + 40, -4*l = -4*u + 6*u. List the prime factors of (-4240)/u + -7 + 1.
2, 11, 19
Let w(s) = 3*s**3 + 76*s**2 - 26*s + 195. Let n(d) = d**3 + 25*d**2 - 9*d + 65. Let z(v) = -17*n(v) + 6*w(v). List the prime factors of z(-31).
2, 79
Let n = -460 + 40. Let a = n + 806. What are the prime factors of a?
2, 193
Suppose 4*i = 3*s - 17, -s - s - 5*i = 4. Suppose 612 = 4*d - 4*l, -s*d + l + 462 = -l. Suppose 2*m - d + 12 = 0. List the prime factors of m.
2, 3
Suppose -5*h + 3*g - 3 = 0, 0 = -h + 3*h + g - 1. Suppose h = 3*r - 12*r + 4599. List the prime factors of r.
7, 73
Let j = 37 - 34. Let k be -3 - (-2 + (-402)/j - -2). Suppose 314 = 5*h - k. List the prime factors of h.
89
Let g be (-108)/(-7) - (30/(-14))/(-5). Suppose -21*z = -g*z - 54. What are the prime factors of (z/6)/(-1*(-2)/44)?
3, 11
Suppose -m - 5*i + 22978 + 25748 = 0, -2*m + 97375 = -i. List the prime factors of m.
23, 29, 73
Let s(i) = -171*i - 2418. What are the prime factors of s(-93)?
3, 5, 29, 31
Suppose 29162 = f + 4*p + 5891, 4*f - p - 93135 = 0. What are the prime factors of f?
3, 13, 199
Let h = 30 - 21. Suppose h = 3*o, -f - 2*o + 103 = -176. List the prime factors of f.
3, 7, 13
Let s be (-791)/14*6*-7. Suppose 8*x - s = 2027. What are the prime factors of x?
2, 5, 11
Let g be ((-12)/7)/(2/42). What are the prime factors of g/(-10) + 4/10 + 91?
5, 19
Let k = -1162 - -2218. Suppose -3*x + 530 = l, -k + 14 = -2*l + 3*x. List the prime factors of l.
2, 131
Suppose 0 = -3*d + 12, -d = -2*o + 5*o - 76. Let w be ((-3)/(-9))/((-4)/o). What are the prime factors of (-1 - w)/(2/50)?
5
Suppose f + 4*z = -21, 2*z + 8 = -0. What are the prime factors of 3 + f + 364 + 4?
2, 3, 61
Suppose 2*l + 3*l - 3*n = 12, 4*l + 12 = -3*n. What are the prime factors of 54/((-5)/5)*(-1 - l)?
2, 3
Suppose -93 + 89 = -2*h. Let o(z) = z**2 - 5*z - 7. Let n be o(10). Suppose h*g - 126 = 2*y, -5*y + n = g - 2*y. List the prime factors of g.
2, 29
Suppose -5*i + j + 63054 - 19188 = 0, i - 8776 = 3*j. List the prime factors of i.
31, 283
Let w = 111 - 48. Suppose 5*m - 323 = -2*n, m - w = -11*n + 9*n. What are the prime factors of (-6)/39 + 4170/m?
2
Let l = -6494 - -14207. List the prime factors of l.
3, 857
Suppose 18*h + 141649 - 945871 = 0. List the prime factors of h.
3, 53, 281
Let b(m) = -8*m**3 + m**2 + 2*m + 3. Let d(c) = -23*c**3 + 2*c**2 + 6*c + 8. Let y(n) = -17*b(n) + 6*d(n). List the prime factors of y(-6).
3, 79
Let y(o) = 71*o + 9. Let l be y(-4). Let q = -116 - l. List the prime factors of q.
3, 53
Suppose 12*r - 7*r - 4857 = h, 4*r + 3*h - 3878 = 0. Let f = r + -111. List the prime factors of f.
2, 5, 43
Suppose 6*q = 3*q + 2*k + 4515, q = 5*k + 1492. Let d = q + -976. List the prime factors of d.
3, 59
Let v(l) = 10*l + 91. Let j be v(-8). Let s(g) = 49*g - 72. List the prime factors of s(j).
467
Let t be 144 - (4 + (1 - 2)). Suppose -4*o + 32*o = 112. Suppose t + 247 = o*h. List the prime factors of h.
97
Suppose g + 3*a - 47500 = 19349, 0 = 5*a + 25. List the prime factors of g.
2, 3, 7, 199
Suppose 0 = -4*l + v + 54677, 6*l - v = -10639 + 92656. What are the prime factors of l?
2, 5, 1367
Suppose -3*n + 2*v + 494 = 0, -2*n + 5*v = -5*n + 529. Suppose -2*y = -0*y - 4*r - n, -4*r - 438 = -5*y. What are the prime factors of y?
2, 3, 5
Let y(f) = 2*f**2 - 79*f + 309. What are the prime factors of y(51)?
2, 3, 13, 19
Let d be (-18)/8*(299/39 - 9). Suppose 10*u - 9*u - d*t = 639, -3*u = -4*t - 1942. What are the prime factors of u?
2, 3, 109
What are the prime factors of (5 - -9411) + 290/29?
2, 3, 1571
List the prime factors of -2*1/3*126384/(-32).
2633
Let o(g) = g + 13. Let c be o(-10). Suppose 0 = -4*d + 3*n + 1560, -c*n + 1443 = 4*d - 117. List the prime factors of d.
2, 3, 5, 13
Let p(g) = g**3 - 15*g**2 + 16*g - 24. Let n be p(10). Let q = n + 1001. List the prime factors of q.
7, 13
Suppose 6*n - 2*n = y + 3, -4*y - 5*n = -30. Suppose -y*g - 20 + 25 = 0, 0 = -5*z + 5*g + 385. List the prime factors of z.
2, 3, 13
Let m(u) = -u - 36. Let v be m(26). Let z = v + 69. Suppose -z*s = -0*s - 630. List the prime factors of s.
2, 3, 5
Let q be (60/(-9))/4 - (-14)/3. Suppose -5*l + 1973 = 4*a, -20*a + 22*a + q*l = 989. List the prime factors of a.
487
Suppose 98*l - 85*l = 2340. Let q be (14/3)/(2/(-18)). Let u = q + l. What are the prime factors of u?
2, 3, 23
Let q(j) = 54*j + 28. Let o be q(6). Suppose u - o = k, u - 3 = -0*u. Let a = -230 - k. What are the prime factors of a?
7, 17
Suppose l + r - 4 = -0*l, 0 = -3*l + 4*r + 19. Suppose -o + 8 - l = 0. Suppose 4*u + 12 = t - 60, -2*u - 236 = -o*t. What are the prime factors of t?
2, 5
Suppose 2*h + 0 = -4. Let s be h/(-6*(-4)/8)*-6. Suppose -s*l = -6*l + 234. What are the prime factors of l?
3, 13
Let v be (5 + 1)*(-3)/(-9). Suppose 4*x + 12 = v*a + 90, -5*a - 213 = -x. Let l = a - -81. List the prime factors of l.
2, 19
Let n(a) = 1197*a + 3423. List the prime factors of n(7).
2, 3, 7, 281
Suppose -15*m + 26422 + 20723 = 0. List the prime factors of m.
7, 449
Suppose 18665 = 2*q + 5*c, 26*q + 28015 = 29*q + 4*c. What are the prime factors of q?
3, 5, 7, 89
Suppose -12*r + 4*r = 320. List the prime factors of (192/r)/(-12)*695/2.
139
Let p be ((-24)/15)/((-4)/(-20)). Let r = p + 8. Suppose r = 4*b - 3*b - 84. What are the prime factors of b?
2, 3, 7
Suppose -7*i - z - 276762 = -12*i, -3*z = -i + 55358. List the prime factors of i.
2, 11, 17, 37
Let z(h) = -31*h**3 - h**2 + 2*h - 1. Let w be z(1). Let v be 1693/2 + w/62. Suppose -3*t + v = 6*t. What are the prime factors of t?
2, 47
Let o be (-304)/(-190) - 2/(-5). Suppose v = -n + 1031, 0 = o*n - 0*n - v - 2074. List the prime factors of n.
3, 5, 23
Suppose 0 = 2*f + 29 - 33. Let j be 40/19 - f/19. Suppose 59 = j*z - 71. What are the prime factors of z?
5, 13
Let x = 13 + -9. Suppose -1221 = x*y - 3401. Suppose 6*u = u + y. List the prime factors of u.
109
Suppose 4 = 5*o - 71. Let m(r) = -12*r + 6 - r - 20 - o*r. What are the prime factors of m(-4)?
2, 7
Let m = -1245 + 2657. Suppose 0 = -4*i - 0*i - 5*u + 2815, -2*i + m = -2*u. What are the prime factors of i?
3, 5, 47
Let u(h) = 7*h - 1. Let o be u(1). Suppose -3*r = o*r - 1062. Suppose -n - 5 = -r. List the prime factors of n.
113
Let i(b) = b**3 - 6*b**2 + 15*b - 4. Suppose 6*v - 18 = -3*v. Suppose -10*h + 62 = v. What are the prime factors of i(h)?
2, 43
Suppose 0 = 4*i - 4*v - 32, 2*i + v - 8 = -v. What are the prime factors of 2430/i + 3*(-6)/9?
13, 31
Suppose -3*q + 6 + 3 = 0. Suppose 11*v = q*v - 544. Let f = 142 + v. List the prime factors of f.
2, 37
Let h(w) = 34*w**2 + 160*w - 14. What are the prime factors of h(23)?
2, 5413
What are the prime factors of (-243896)/(-16) - (1/6)/((-1)/(-15))?
15241
Suppose 0 = -m - 5, -z - 2 = 11*m - 10*m. Let q = -114 - -266. Suppose -38 = -x - 4*s - z, -q = -5*x + 3*s. What are the prime factors of x?
31
What are the prime factors of (1 + (1 - 0))/(-4 + -1)*-65480?
2, 1637
Let u(s) be the first derivative of 31*s**2/2 + 3*s - 1. Let a = -3690 - -3692. What are the prime factors of u(a)?
5, 13
Suppose 0 = 5*t - z - 40, 8*t - 8 = 7*t + 3*z. What are the prime factors of 32/t*(-132)/(-1)?
2, 3, 11
Let i be 3 - (-4 - 46) - -3. Let w = 736 - i. What are the prime factors of w?
2, 5, 17
Let t = -57354 + 120672. What are the prime factors of t?
2, 3, 61, 173
Suppose 4*p = 32, 2*a - 5*p - 10076 - 46508 = 0. List the prime factors of a.
2, 3539
Suppose 2*z + 0*t + 3*t - 7 = 0, 3*z = -4*t + 9. Let q(g) = 2*g**3 + 61*g**2 + 31*g + 48. Let c be q(-30). What are the prime factors of ((-801)/c)/(z/4)?
2, 89
Let q(o) = -28*o - 709. Let v be q(-26). Let j(l) = l**3 - 4*l**2 - 3*l + 5. Let g be j(5). Suppose 72 = v*a - g*a. What are the prime factors of a?
2, 3
Suppose 13*q - 15*q - 4*o + 15998 = 0, -2*o - 23965 = -3*q. List the prime factors of q.
61, 131
Let u(f) = f**2 + 22*f - 4. Suppose 5*k - 3*g + 40 = -74, 5*k - 5*g + 110 = 0. What are the prime factors of u(k)?
2, 11
Let j(v) = 66 - 66 - v. Let c(z) = z**3 - 9*z**2 + 12*z - 7. Let u(r) = -c(r) - 5*j(r). What are the prime factors of u(6)?
73
Let c(v) = -24*v**3 + 25*v**2 + 19*v - 11. List the prime factors of c(-3).
5, 7, 23
Let p be (2 - 1 - 0) + 386. List the prime factors of p + 25/(-15)*